{"id":37,"date":"2022-06-09T18:49:46","date_gmt":"2022-06-09T18:49:46","guid":{"rendered":"http:\/\/crx-engeservices.com\/?page_id=37"},"modified":"2022-06-14T18:43:48","modified_gmt":"2022-06-14T18:43:48","slug":"produtos","status":"publish","type":"page","link":"http:\/\/crx-engeservices.com\/?page_id=37","title":{"rendered":"Produtos"},"content":{"rendered":"\n<p>A CRX Engenharia e Servi\u00e7os comercializa produtos e realiza servi\u00e7os de monitoramento de corros\u00e3o interna, tais como: &nbsp;<\/p>\n\n\n\n<p>\u2013 cupons de perda de massa , bio-cupons<\/p>\n\n\n\n<p>\u2013 suportes para cupons;<\/p>\n\n\n\n<p>\u2013 dispositivos de acesso;<\/p>\n\n\n\n<p>\u2013 Hollow plugs;<\/p>\n\n\n\n<p>\u2013 Solid plugs;<\/p>\n\n\n\n<p>\u2013 Primary packing, entre outros\u2026<\/p>\n\n\n\n<p>Realizamos a instala\u00e7\u00e3o, troca e an\u00e1lise dos cupons. Opera\u00e7\u00e3o, reparo, verifica\u00e7\u00e3o das sondas, data loggers, estudo da taxa de corros\u00e3o e\u00a0 toda a manuten\u00e7\u00e3o\u00a0do sistema de monitoramento . <\/p>\n\n\n\n<p>Precisa de uma quota\u00e7\u00e3o? Fale conosco atrav\u00e9s do nosso email: contato@crx-engeservices.com. <\/p>\n\n\n\n<p>Ser\u00e1 um prazer atend\u00ea-lo!<\/p>\n","protected":false},"excerpt":{"rendered":"<p>A CRX Engenharia e Servi\u00e7os comercializa produtos e realiza servi\u00e7os de monitoramento de corros\u00e3o interna, tais como: &nbsp; \u2013 cupons de perda de massa , bio-cupons \u2013 suportes para cupons; \u2013 dispositivos de acesso; \u2013 Hollow plugs; \u2013 Solid plugs; \u2013 Primary packing, entre outros\u2026 Realizamos a instala\u00e7\u00e3o, troca e an\u00e1lise dos cupons. Opera\u00e7\u00e3o, reparo, [&hellip;]<\/p>\n","protected":false},"author":1,"featured_media":0,"parent":0,"menu_order":0,"comment_status":"closed","ping_status":"closed","template":"","meta":[],"_links":{"self":[{"href":"http:\/\/crx-engeservices.com\/index.php?rest_route=\/wp\/v2\/pages\/37"}],"collection":[{"href":"http:\/\/crx-engeservices.com\/index.php?rest_route=\/wp\/v2\/pages"}],"about":[{"href":"http:\/\/crx-engeservices.com\/index.php?rest_route=\/wp\/v2\/types\/page"}],"author":[{"embeddable":true,"href":"http:\/\/crx-engeservices.com\/index.php?rest_route=\/wp\/v2\/users\/1"}],"replies":[{"embeddable":true,"href":"http:\/\/crx-engeservices.com\/index.php?rest_route=%2Fwp%2Fv2%2Fcomments&post=37"}],"version-history":[{"count":7,"href":"http:\/\/crx-engeservices.com\/index.php?rest_route=\/wp\/v2\/pages\/37\/revisions"}],"predecessor-version":[{"id":236,"href":"http:\/\/crx-engeservices.com\/index.php?rest_route=\/wp\/v2\/pages\/37\/revisions\/236"}],"wp:attachment":[{"href":"http:\/\/crx-engeservices.com\/index.php?rest_route=%2Fwp%2Fv2%2Fmedia&parent=37"}],"curies":[{"name":"wp","href":"https:\/\/api.w.org\/{rel}","templated":true}]}}